ided by t.
7
Suppose 88 = 5*c - c. What is the remainder when 87 is divided by c?
21
Let h = -45 + 54. What is the remainder when h is divided by (-1)/((-2)/10*1)?
4
Suppose 5*v - 19 - 91 = 0. What is the remainder when v is divided by 5?
2
Let m(r) = -r**3 - r**2 + r + 31. Let t(y) = -y + 2. Let q be t(2). Let g(c) = c**3 - c**2 + 16. Calculate the remainder when m(q) is divided by g(0).
15
Suppose 3*m - 3*o = 30, -3*o + 2 = 11. What is the remainder when 68 is divided by m?
5
Suppose 0 = 4*q + 7 - 79. What is the remainder when q is divided by 9?
0
Let y(i) = 10*i - 31. Suppose -s - u - u + 58 = 0, -5*s + 272 = u. What is the remainder when s is divided by y(5)?
16
Let i(y) = 2*y**2 - 7*y - 4. Suppose -o - 34 = -4*w, -2*o = -w - 0*o + 12. What is the remainder when i(w) is divided by 23?
22
Let v = 7 + -22. Let y = 18 + v. What is the remainder when 6 is divided by y?
0
Suppose 8*d - 10 = 3*d. Suppose 3*l - 34 = 4*z, l - 16 = 4*z - d. Calculate the remainder when 28 is divided by l.
8
Suppose -4*o = o - 5. Suppose 4*a - 112 = 4*m, 3 + o = -m. Calculate the remainder when 46 is divided by a.
22
Suppose -37 = -6*w - 1. Calculate the remainder when 28 is divided by w.
4
Let s(x) = -x**3 - 15*x**2 + 23*x - 8. What is the remainder when s(-17) is divided by 36?
35
Let l = -41 - -86. Calculate the remainder when 88 is divided by l.
43
Suppose -l = -5*f - 3*l + 12, 2*l = -3*f + 4. Let z(w) = 2*w. Let c be z(1). Calculate the remainder when f is divided by 1/c*2*3.
1
Let d(l) = l - 8. Let c be d(12). Suppose p - 88 = -p. Suppose 2*s = -4*b + p, -2*b = -c*s + 1 + 37. Calculate the remainder when 34 is divided by s.
10
Suppose 5*w - 62 = -4*c, -9*w + 3*c + 1 = -8*w. What is the remainder when 35 is divided by w?
5
Let k(r) = r**2 + 21. What is the remainder when 39 is divided by k(0)?
18
Let d be (-1)/((-2)/6 + 0). Let h(z) = -z**2 + 3. Let f be h(0). Suppose f*b + 3 = 9, d*c + 2*b = 16. What is the remainder when 10 is divided by c?
2
Let x(s) = -4*s. Let h = -8 - -21. Suppose -3*v + 24 = 2*w + w, -2*w = -v - h. What is the remainder when w is divided by x(-1)?
3
Suppose 5*k + 2*g = 110, 44 = 2*k + 6*g - 3*g. Calculate the remainder when 43 is divided by k.
21
Let a be (-1)/(-3) - (-94)/6. Calculate the remainder when 14 is divided by 4/(a/(-10))*-2.
4
Suppose 43 = -0*b - b. Let k = 69 + b. Suppose u = 5*p + k, 8 = 3*u - 2*u + 4*p. What is the remainder when u is divided by 6?
4
Suppose 68 = -3*g + 5*g. Calculate the remainder when g is divided by 9.
7
Let n be 5*(-1 + 2/1). Suppose -n*s + 140 = -0*s. Suppose -4*t + 0 = -40. What is the remainder when s is divided by t?
8
Suppose 395 - 51 = 8*v. Calculate the remainder when v is divided by 15.
13
Suppose 5*j = -5*y + 57 + 28, -3*j + 46 = -2*y. Calculate the remainder when 61 is divided by j.
13
Suppose -2*t - 2*t + 8 = 0. Let x(y) = 3*y - 3. Let k be x(t). Suppose u = 4*q + 28, u - 24 = -0*q + k*q. Calculate the remainder when u is divided by 7.
5
Let k(w) = 2*w - 10. Calculate the remainder when 45 is divided by k(13).
13
Let i(g) = 23*g**2. Suppose c = -0*c + 1. Suppose r = -4*r + 60. What is the remainder when i(c) is divided by r?
11
Let b(y) = -y**2 - 2*y + 11. Calculate the remainder when b(0) is divided by 6.
5
Let a(i) = i**2 + 7*i + 5. Let q be a(-5). Let m = 15 + q. What is the remainder when 37 is divided by m?
7
Let h(y) = -y**3 + 5*y**2 + 3*y. What is the remainder when 20 is divided by h(5)?
5
Suppose -2*j = 5*o + 2*j - 124, -o - j + 25 = 0. What is the remainder when o is divided by 13?
11
Suppose -2*u = 2*u - 28. Suppose -5*o = k - 23, 5*o + 48 = 5*k - 7. Calculate the remainder when k is divided by u.
6
Let x be -3*(-3)/(18/4). Suppose x = 4*z - 22. What is the remainder when 1/((1 + -2)/(-16)) is divided by z?
4
Let x(r) be the third derivative of r**2 + 0 + 0*r + 3/2*r**3 - 1/6*r**4 + 1/60*r**5. Calculate the remainder when x(6) is divided by 12.
9
Suppose 0 = -5*s + 59 + 106. Let o = s - -27. What is the remainder when o is divided by 21?
18
Let v be -84*1*(-1)/2. Let n = v + 4. Suppose -2*z = -0*z - n. Calculate the remainder when z is divided by 8.
7
Let g = 27 - 5. Calculate the remainder when 62 is divided by g.
18
Suppose -5*s - 5*b + b = -360, -78 = -s - 2*b. Suppose -3*m = -s - 49. Let t = -13 + m. Calculate the remainder when t is divided by 9.
8
Let k(v) = v**3 - v**2 + 2. Suppose -22 = -2*h - 0*h. Calculate the remainder when h is divided by k(2).
5
Let m = 18 - 12. Let q = 13 - 9. Calculate the remainder when m is divided by q.
2
Suppose -3*p + 81 = 2*b + 3*b, 0 = -5*p + b + 163. Calculate the remainder when 61 is divided by p.
29
Let d = -9 + 20. What is the remainder when (14/(-3) + 4)*-45 is divided by d?
8
Suppose -b - 4 = 3*b. Let u(d) = -9*d + 1. Let w = -39 + 58. Calculate the remainder when w is divided by u(b).
9
Let k(f) = -f + 2*f + 1 - 1. Calculate the remainder when 2 is divided by k(2).
0
Suppose -17*r + 18*r - 28 = 0. Calculate the remainder when r is divided by 5.
3
Suppose a - 5*a = -4, 4*i = 4*a + 16. Suppose 6*r - 62 = 2*r + 3*x, -r + i*x = -24. What is the remainder when (1/5)/(30/750) + 36 is divided by r?
13
Suppose 2*o - 8*o + 24 = 0. What is the remainder when 9 is divided by o?
1
Let v = 6 + 5. Calculate the remainder when 75 is divided by v.
9
Suppose 5*k = -y + 3*k - 5, -3*y + 3*k = -30. Suppose a - y*m = -8, 4*a - 3*m = -m + 22. Suppose z - 12 = a. Calculate the remainder when 37 is divided by z.
18
What is the remainder when 50 is divided by 1/((8/52)/2)?
11
Let l(g) = g**2 - 2*g - 4. Suppose 9*v - 4*v + 45 = 3*p, -3*v = 0. Calculate the remainder when l(-6) is divided by p.
14
Let o = -17 - -67. What is the remainder when o is divided by 17*(-3 - (-1 - 3))?
16
Let b(g) = -g**3 - 8*g**2 + 3. Let d be b(-8). Suppose -5*l + d*j + 239 = 0, -120 - 123 = -5*l + j. What is the remainder when l is divided by 17?
15
Let x(b) be the first derivative of b**3/3 - b**2/2 + 6*b - 1. Let h(n) = -n - 5. Let a be h(-5). What is the remainder when 17 is divided by x(a)?
5
Let i(s) = s**2 + 7*s - 6. Let q be i(-8). Let u be 2/4*(-2 + 122). Suppose 2*c - u = -q*c. What is the remainder when 28 is divided by c?
13
Let o = -2 - -6. Suppose -4*f - 3*u + 39 = 0, 3*f = 3*u + 2 + 1. Calculate the remainder when f is divided by o.
2
Suppose -8*r + 4 = -68. Suppose 4*b - 74 = -14. Calculate the remainder when b is divided by r.
6
Suppose -58 = -2*x - 2*j, 0 = x - 0*j - 3*j - 21. Suppose 0 = -4*p + 137 + x. What is the remainder when p is divided by 14?
13
Let m = -4 - -7. Calculate the remainder when 8 is divided by m.
2
Let k(s) = -13*s**3 + 2*s**2 + s. Let d = 5 - 6. Suppose -5*y + 3*m + 195 = m, -4*m = 5*y - 225. Calculate the remainder when y is divided by k(d).
13
Suppose 0 = 3*q - 16 - 26. Calculate the remainder when 96 is divided by q.
12
Suppose 5*n = -4*v + 6*n + 31, -n + 32 = 5*v. Suppose -g = u - 11 - v, -u = -3*g + 42. What is the remainder when 58 is divided by g?
13
Let c(z) be the first derivative of 3/2*z**2 + 0*z + 2 - 5/3*z**3 - 1/4*z**4. Calculate the remainder when 34 is divided by c(-6).
16
Suppose 0 = -5*i - 2 + 22. What is the remainder when (-4)/(-6) - (-19)/3 is divided by i?
3
Suppose 3*g - 16 = -4. Suppose 28 - g = 4*b. Let k(d) = 2*d**2 - 7*d + 2. Calculate the remainder when k(5) is divided by b.
5
Suppose 4*c = a + 2*a + 237, -4*a + 4 = 0. What is the remainder when c is divided by 23?
14
Let t(g) = -g**2 - g + 1. Let y be t(-4). Let c be (8 + y)*(-6 + 0). Suppose 3*z + 9 = 3*s, 3*s = -s + 2*z + c. What is the remainder when s is divided by 4?
2
Suppose -4 - 4 = -2*p. What is the remainder when p is divided by 3?
1
Suppose -12*n + 99 = -3*n. What is the remainder when 75/2*(-8)/(-10) is divided by n?
8
Let t(q) = 83*q + 2. Let g be t(2). Suppose 0 = 8*c - 4*c - g. What is the remainder when c is divided by 15?
12
Suppose 2*m + 0 = -s + 6, -m + 8 = -2*s. Let p = -1 + m. Calculate the remainder when 5 is divided by p.
2
Suppose 2*z - 11 - 27 = 0. What is the remainder when z is divided by (7/2)/(2/4)?
5
Suppose 6*q + 3*z - 35 = 2*q, -3*q = -3*z. Suppose 0 = -5*g - 10, 4*u - g = 2*g + 58. Calculate the remainder when u is divided by q.
3
What is the remainder when 51 is divided by -5 - -3*84/18?
6
Let y be 5 + 3 + 4/(-2). What is the r